7140
What is -4329 (base 12) in base 5?
-214002
-87a (base 12) to base 6
-5434
Convert 3ca (base 16) to base 9.
1287
What is -1204112 (base 5) in base 12?
-10b73
Convert 4458 (base 13) to base 14.
3693
12b60 (base 12) to base 16
64f8
-179 (base 16) to base 2
-101111001
Convert -320221 (base 4) to base 13.
-185b
Convert -403 (base 10) to base 2.
-110010011
Convert 314 (base 6) to base 14.
86
Convert -56041 (base 8) to base 15.
-6ec5
What is -a59 (base 12) in base 15?
-6a9
Convert -1031210 (base 4) to base 7.
-20321
What is 301030 (base 4) in base 12?
19a4
-1010001110 (base 2) to base 4
-22032
Convert 2210002 (base 3) to base 14.
a4b
Convert 101100100101011 (base 2) to base 7.
123360
What is 1220 (base 11) in base 2?
11000111011
Convert 51128 (base 9) to base 15.
9e7b
Convert dc4 (base 14) to base 5.
41340
What is -18813 (base 11) in base 2?
-110011010011111
What is -1000001111011 (base 2) in base 7?
-15205
Convert -12014 (base 5) to base 12.
-618
Convert -137 (base 14) to base 7.
-500
Convert -1112100 (base 3) to base 11.
-925
What is 1286 (base 12) in base 4?
201012
Convert -239c (base 14) to base 2.
-1100001000110
122012221 (base 3) to base 15
3abd
What is -15129 (base 13) in base 3?
-2000112020
-210120 (base 3) to base 11
-48a
What is -221001 (base 4) in base 15?
-ba0
Convert 2ba6 (base 16) to base 6.
123422
Convert 747 (base 9) to base 2.
1001100010
Convert 30022331 (base 4) to base 16.
c2bd
What is -13131 (base 4) in base 6?
-2113
Convert -351 (base 13) to base 15.
-283
Convert -387 (base 10) to base 14.
-1d9
-c025 (base 15) to base 6
-511355
What is -3124 (base 14) in base 12?
-4a90
Convert 4243 (base 12) to base 7.
30066
-11000010000001 (base 2) to base 6
-133253
-38a7 (base 15) to base 6
-131534
Convert 20304 (base 5) to base 10.
1329
58054 (base 9) to base 2
1001011100011110
What is 55a (base 12) in base 2?
1100010110
Convert 976 (base 10) to base 4.
33100
1041110 (base 6) to base 13
1a937
Convert 7283 (base 14) to base 15.
5c95
Convert -402 (base 6) to base 3.
-12102
What is 4953 (base 14) in base 10?
12813
-9cb1 (base 13) to base 6
-245333
What is 234 (base 15) in base 8?
763
What is -2034 (base 5) in base 11?
-225
-14316 (base 9) to base 4
-2120013
Convert -1009 (base 13) to base 9.
-3021
Convert -5c2 (base 14) to base 15.
-51a
What is 1065b (base 13) in base 11?
20306
What is 12011 (base 5) in base 4?
31301
Convert -2b82 (base 13) to base 6.
-45235
Convert -40420 (base 5) to base 11.
-1a63
What is bde (base 15) in base 4?
221330
What is -c11 (base 14) in base 2?
-100100111111
What is -4255 (base 6) in base 15?
-44b
Convert 101225 (base 9) to base 11.
41062
Convert 12646 (base 7) to base 5.
102130
Convert 340341 (base 5) to base 7.
46621
-1630 (base 13) to base 6
-23014
Convert 212223 (base 4) to base 3.
10101200
Convert 6055 (base 9) to base 15.
149e
Convert 2200 (base 3) to base 11.
66
Convert 138 (base 15) to base 3.
101022
Convert 12132300 (base 4) to base 15.
7ce9
What is -2342 (base 6) in base 9?
-688
16b49 (base 13) to base 2
1010101010001111
Convert 2234 (base 9) to base 13.
9a0
What is 232212 (base 5) in base 15?
2772
-11 (base 3) to base 15
-4
What is 1221 (base 7) in base 13?
291
410 (base 15) to base 16
393
What is 27947 (base 10) in base 6?
333215
Convert 6515 (base 13) to base 4.
3123131
What is -1a8 (base 14) in base 2?
-101011000
What is 7ec0 (base 15) in base 10?
26955
-65 (base 16) to base 7
-203
Convert 15bb (base 13) to base 10.
3196
-1557 (base 10) to base 3
-2010200
What is 146 (base 14) in base 3?
100120
-ca78 (base 15) to base 8
-123557
-66415 (base 7) to base 11
-11587
122 (base 6) to base 15
35
-200300 (base 6) to base 9
-23430
Convert 1111100100100101 (base 2) to base 3.
10020111021
Convert -4043 (base 10) to base 12.
-240b
Convert 154754 (base 8) to base 12.
28350
What is 1112021 (base 3) in base 2?
10001011010
2199 (base 12) to base 9
5080
Convert -123021 (base 4) to base 2.
-11011001001
Convert 221022 (base 3) to base 4.
22223
Convert -4245 (base 13) to base 11.
-6999
What is 178 (base 13) in base 8?
414
What is -141c (base 13) in base 15?
-cd3
700 (base 16) to base 4
130000
Convert 3d4e (base 15) to base 5.
404444
-564 (base 15) to base 5
-14334
What is -741 (base 10) in base 12?
-519
8256 (base 15) to base 13
c6ba
Convert -390 (base 11) to base 2.
-111001110
Convert 15215 (base 11) to base 4.
11100302
Convert 15a (base 13) to base 9.
301
-1023033 (base 4) to base 8
-11317
What is -1222 (base 3) in base 8?
-65
-563 (base 14) to base 2
-10000101011
What is -90a (base 11) in base 4?
-101023
105236 (base 7) to base 16
48d7
Convert 122020111 (base 3) to base 8.
30430
What is 30857 (base 11) in base 16?
af99
Convert 350 (base 12) to base 11.
408
What is -1001242 (base 5) in base 12?
-91a6
-9286 (base 12) to base 15
-4acc
Convert 1368 (base 9) to base 16.
40a
What is -2870 (base 9) in base 16?
-879
-16 (base 7) to base 16
-d
What is -2a85c (base 13) in base 5?
-10034041
Convert -4010 (base 7) to base 6.
-10215
What is -1424 (base 7) in base 13?
-33b
6838 (base 15) to base 12
1095b
Convert 14042 (base 5) to base 10.
1147
What is -2302442 (base 5) in base 15?
-c232
43513 (base 7) to base 12
6374
200212 (base 3) to base 9
625
Convert -305124 (base 7) to base 5.
-3132303
Convert 5974 (base 15) to base 11.
13311
Convert -4121042 (base 5) to base 10.
-67022
What is -2100210 (base 3) in base 12?
-bb6
Convert 23372 (base 8) to base 10.
9978
What is 274 (base 13) in base 14?
22d
Convert 92a (base 15) to base 8.
4021
Convert -103555 (base 7) to base 6.
-215521
194 (base 12) to base 11
213
-417 (base 11) to base 9
-617
-2e7 (base 15) to base 7
-1642
-20000311 (base 4) to base 7
-164455
2c9c (base 14) to base 9
11844
Convert 159 (base 16) to base 9.
423
What is 328 (base 12) in base 2?
111010000
Convert -133 (base 12) to base 11.
-157
What is 1066 (base 7) in base 12?
287
What is -4204 (base 5) in base 4?
-20222
145 (base 15) to base 9
352
What is -11301220 (base 4) in base 6?
-301304
What is -1111000110001 (base 2) in base 4?
-1320301
101001001 (base 2) to base 9
405
Convert 4412 (base 6) to base 7.
2651
What is -556 (base 9) in base 5?
-3311
Convert 6794 (base 10) to base 11.
5117
Convert -1110 (base 9) to base 4.
-30303
Convert -414023 (base 5) to base 16.
-3546
Convert -137 (base 11) to base 7.
-320
Convert 121200122 (base 3) to base 11.
9161
What is 968 (base 10) in base 7?
2552
What is 1111101021 (base 3) in base 14?
aa29
-2b7 (base 16) to base 6
-3115
What is -1111231 (base 4) in base 10?
-5485
What is 101123 (base 5) in base 2?
110011011000
-33344 (base 6) to base 4
-1021000
What is -10201100 (base 4) in base 2?
-100100001010000
Convert 1002101 (base 3) to base 2.
1100011001
What is 12331 (base 4) in base 6?
2021
-1511 (base 8) to base 7
-2311
What is 957 (base 11) in base 10?
1151
Convert 1232330 (base 4) to base 5.
211400
Convert 14c3 (base 14) to base 2.
111001110011
What is -1303 (base 9) in base 11?
-807
What is 955 (base 11) in base 10?
1149
What is -31021 (base 5) in base 14?
-a39
What is -264 (base 8) in base 2?
-10110100
Convert -2559 (base 13) to base 6.
-40333
Convert 30118 (base 10) to base 16.
75a6
What is -a09 (base 15) in base 6?
-14243
What is -3084 (base 14) in base 4?
-2002130
What is -1b11 (base 13) in base 15?
-1315
What is -265 (base 10) in base 11?
-221
What is -626 (base 7) in base 6?
-1242
Convert -371 (base 9) to base 12.
-217
Convert 1c08 (base 14) to base 2.
1001111110000
Convert -298 (base 15) to base 2.
-1001010001
Convert -748 (base 9) to base 12.
-42b
Convert -1001340 (base 5) to base 6.
-201205
-53545 (base 6) to base 8
-16251
-3 (base 16) to base 6
-3
2a9 (base 16) to base 2
1010101001
Convert -346 (base 10) to base 6.
-1334
Convert -7382 (base 9) to base 5.
-133140
What is 10100010010 (base 2) in base 7?
3533
-22144 (base 6) to base 2
-110000010000
What is -13122 (base 4) in base 11?
-3a1
51145 (base 6) to base 5
204021
Convert -baa6 (base 14) to base 3.
-1122021221
Convert -267 (base 14) to base 3.
-122220
What is 1615 (base 9) in base 13?
737
Convert -101110000 (base 2) to base 16.
-170
931 (base 10) to base 12
657
Convert 1010101001011 (base 2) to base 13.
2634
What is 1276 (base 16) in base 8?
11166
What is 1539 (base 10) in base 11?
117a
What is 72dd (base 15) in base 